is the units digit of z?
2
Let y = 51 - 51. Suppose 5*u - 5 + 116 = 3*q, y = -3*q + u + 111. What is the tens digit of q?
3
Suppose 2*p - p - 3*n + 12 = 0, 2*n - 8 = -3*p. Let h(t) = -t - 6. Let k be h(p). Let y(a) = 2*a**2 + 10*a + 7. What is the tens digit of y(k)?
1
Let j(y) = 4*y**2 + 5*y - 10. What is the thousands digit of j(-17)?
1
Let m(d) = -54*d - 29. What is the tens digit of m(-12)?
1
Suppose -v - 24 = -5*v. Let k(s) = -s**2 + 6*s + 8. What is the units digit of k(v)?
8
Let v(x) = 160*x - 324. What is the hundreds digit of v(38)?
7
Let o(x) = -8 + 20*x + 13 + x. What is the tens digit of o(2)?
4
Let q = -1122 + 714. Let d = q + 678. What is the tens digit of d?
7
Let k(h) be the third derivative of h**6/60 - 2*h**5/15 - h**4/6 + h**3/6 - 30*h**2. What is the hundreds digit of k(6)?
1
Let q(k) = -20 + 6*k - 3*k + k. Let m be q(8). What is the tens digit of m + -4*(-2)/4?
1
Suppose -4*j - j + l + 151 = 0, j - 3*l = 33. Let k(i) = i**3 - 8*i**2 + 9*i - 10. Let v be k(7). Suppose -j = -v*b - 6. What is the units digit of b?
6
Let a(s) = 10*s**2 + s. Let v be a(-1). Let u(n) = n**2 - 5*n + 11. What is the tens digit of u(v)?
4
Let b = 8 - 5. Let m be 148/1 - (-5 + 7). Suppose -b*t - 8 = -m. What is the units digit of t?
6
Let m = 1382 + -782. What is the units digit of m?
0
Let j = -179 - -450. What is the units digit of j?
1
Let n = -127 - -1. Let b = -76 - n. What is the units digit of b?
0
Let p = -62 + 55. Let g(w) = -37*w - 58. What is the hundreds digit of g(p)?
2
Let z(n) = -11*n + 2 + 0 - 10*n + 17*n. Let x be z(-9). Suppose 3*b = x + 1. What is the units digit of b?
3
What is the tens digit of 1 + -7 + 98 + 2?
9
Let n(t) = 5*t**2 + 9*t - 7. Let r(d) = -6*d**2 - 9*d + 6. Let a(u) = 3*n(u) + 2*r(u). What is the units digit of a(6)?
3
Let d = -11 - -19. Suppose -6*s + 4*s = -d. Suppose s*g - 84 = -0*g + 3*m, 5*g + 4*m = 105. What is the tens digit of g?
2
Suppose 10*z - 750 = 5*z. Let r = z - 72. What is the tens digit of r?
7
Let o = 760 + -429. What is the tens digit of o?
3
Suppose -36*p + 4250 = -34*p. What is the hundreds digit of p?
1
Let s be (-1 - -35)/(4/8*1). Let i = 69 - s. What is the units digit of i?
1
Let s be (4*(-2)/12)/((-1)/9). Suppose 5*o = -4*a + 227, -2*a + s*a = 4*o + 200. What is the units digit of a?
3
Let i = -5 + 11. Let q = i + -3. Suppose -3*l + 3 = -q. What is the units digit of l?
2
Let z(f) = -f - 5. Let j be z(-6). Suppose 0*h - j = h, 2*h = -5*c - 2. Suppose c = 5*y + 2*g - 161, 2*y - 4*g = -0*y + 50. What is the tens digit of y?
3
Let g(c) = 120*c**2 + c. Let p be g(1). Let n = -191 + p. Let r = -30 - n. What is the units digit of r?
0
Let z(t) = 306*t - 5. What is the hundreds digit of z(1)?
3
Let c be 3 + 4 + 4 - -3*1. Suppose 4*x = -0*x + 40. Let v = c + x. What is the tens digit of v?
2
Let x(c) = 7*c**3 + 11*c - 8. Let d(w) = 4*w**3 + w**2 + 5*w - 4. Let o(b) = -5*d(b) + 3*x(b). Let r be (2/3)/((-2)/(-15)). What is the units digit of o(r)?
6
Let j(s) = 3*s**2 + 62*s + 233. What is the hundreds digit of j(-40)?
5
Let o = 84 + -81. What is the tens digit of (-33)/9 - -4 - (-221)/o?
7
Let d(k) = -187*k + 292. What is the units digit of d(-5)?
7
Let u be (-4)/(-10) - 126/(-35). Suppose -u*z + 2*z = -76. Let n = z - 18. What is the tens digit of n?
2
Suppose -4*c + 8360 = 5*z, 44*c - 42*c + 3362 = 2*z. What is the thousands digit of z?
1
Let h = -20 + 23. Suppose h*b - 2*m - 154 = b, 2*m = -3*b + 231. What is the tens digit of b?
7
Let g = -9 + 12. Let r(y) = -y**3 + 2*y**2 + 4*y + 2. Let p be r(g). Suppose -p*a + 263 = 6*o - 2*o, 3*o = 5*a + 171. What is the tens digit of o?
6
Let z = 10 - 6. Suppose -41*b + 40*b = -4. Suppose z*f + b - 20 = 0. What is the units digit of f?
4
Let b(g) = -19*g. Let y(t) = -3*t + 4*t + 2 - t**2 - 4 - 3*t. Let c be y(-2). What is the units digit of b(c)?
8
Let w be (2*2)/((-24)/(-12)). Let m be 11 + (-12)/8*w. What is the units digit of ((-12)/(-7))/(m/252)?
4
Suppose p + 5*u = 63, 0*p - 4*u = -2*p + 56. What is the units digit of (p/(-7))/(-4 + 135/35)?
8
Suppose -3*i + 5 = 2. Suppose 5*f - 4 = k, i = -k + f + 5. What is the units digit of 3/k - 81/(-6)?
4
Let x(n) = 12*n**2 - 2*n - 3. Let l be x(-2). Let g = -232 + 291. Suppose -l = -4*k + g. What is the units digit of k?
7
Suppose 4*r = -3*l + 3589, 3585 = 3*l + 7*r - 4*r. What is the thousands digit of l?
1
Let n(m) = m**3 - 6*m**2 + 6*m - 3. Let s be n(5). Let v(k) = 26*k + 5. Let j be v(0). What is the units digit of -3 + j - (-10)/s?
7
Let w be (-3)/2 + (-18)/(-12). Suppose v = 4*c + 94, -3*v - 4*c + 153 + 97 = w. What is the units digit of v?
6
Let b be 50/(-425) + ((-87)/(-17) - 1). Suppose -21 = -3*q + 6. Let y = q + b. What is the units digit of y?
3
Let p = 141 - 45. Let h = 65 + p. What is the hundreds digit of h?
1
Let k = -111 - -114. Let w(p) = 69*p + 27. What is the units digit of w(k)?
4
Let p(z) = -z**2 - 6*z - 5. Let c be p(-1). Suppose c = -m, -m = -4*r + 2*r + 542. What is the units digit of r?
1
Let d be (44/12 + -4)/((-2)/96). Suppose 4*y - 2 = -2*q + 4*q, -q = -5*y + d. What is the units digit of q?
9
Let z be 3*-1 + (1 - -4). Suppose u = -z*k + 24 - 9, 5*u + 65 = 4*k. Let i = 36 - k. What is the tens digit of i?
2
Let q(l) = l**3 - 14*l**2 - 16*l + 26. What is the units digit of q(15)?
1
Suppose -5*t + 2*o - 199 = 0, 8 = 2*o + 2*o. Let r = 68 + t. What is the tens digit of r?
2
What is the hundreds digit of 2732 - (-8)/(24/9)?
7
Let l(u) = -u - 7. Let x be l(-5). What is the tens digit of 3 + 35 + (-4)/x?
4
Let v be (-3 + 0)/((-48)/976). Suppose 259 = -5*c - v. What is the tens digit of 1 - 5/5 - c?
6
Suppose 34*o - 2*x - 2430 = 30*o, x + 3030 = 5*o. What is the hundreds digit of o?
6
Suppose -5*m - 4*k + 191 = 0, 3*m + 3*k - 70 = 47. Let v be 636/(-10)*m/(-14). Suppose 0 = -3*x + y + v, 4*x - 2*y = -0*x + 210. What is the tens digit of x?
5
Suppose 3*v - 3*j = 3594, -2*v + 5990 = 3*v - 2*j. What is the hundreds digit of v?
1
What is the tens digit of 37572/10 + 264/330?
5
Let g(a) = 10*a**2 - 20*a - 8. What is the units digit of g(5)?
2
Suppose 8 + 4 = 2*q - 4*g, -2*q - 4*g = 4. What is the units digit of ((-7)/q)/(13/(-26))?
7
Suppose -2*n = -n - 9. Let s = 13 - n. What is the units digit of s?
4
What is the tens digit of 6 + -2 + 5285/7 + -7?
5
Let p(z) = 32*z**2 - 8*z + 23. Let f be p(4). Suppose -f = -3*k + 166. What is the hundreds digit of k?
2
Suppose -b + 2685 = 5*i, -5*i - 135 + 2810 = -b. What is the hundreds digit of i?
5
Let w = 89 + 77. What is the tens digit of w?
6
Let y = -20 + 25. Suppose q = 10 - y. What is the units digit of q?
5
Let u(p) = 268*p + 4. What is the hundreds digit of u(1)?
2
Suppose 4*x + 9*s - 5*s = 192, 0 = 3*x - 2*s - 124. What is the tens digit of x?
4
Suppose 0 = -5*j - t - 163, 0 = j + t - 6*t + 43. Let r = j - -197. What is the hundreds digit of r?
1
Suppose -w = -5*x - 609, -2*x = 5*w + 135 + 114. Let h = 197 + x. Let b = h - 38. What is the tens digit of b?
3
Let v(o) = -5*o - 6. Let t be v(-2). Suppose 4*a - 88 = -0*a - 3*b, -5*b - 56 = -t*a. What is the tens digit of a?
1
Let o(n) = -10*n + 12. Let x(l) = -10*l + 11. Let y(g) = -6*o(g) + 5*x(g). What is the units digit of y(8)?
3
Suppose -16 = -4*j - 4*n, 2*j - n + 8 = 1. What is the tens digit of 0 + 64 + 4/j?
6
Let q = 7 + 84. What is the units digit of q?
1
Suppose 39*t = -15*t + 40122. What is the tens digit of t?
4
Suppose 225 = s - 2*q, s - 4*s + 675 = 4*q. What is the tens digit of s?
2
What is the hundreds digit of 766 + 4/28*0?
7
What is the tens digit of (-2)/13 + (8432/52 - 4)?
5
Let r(i) = 145*i - 7. What is the hundreds digit of r(9)?
2
Let h(q) = q - 1. Let p(v) = -v + 11. Let c be p(4). Let o be h(c). Let b = o + 9. What is the units digit of b?
5
Suppose 12*z + 64 = -20. Let u(c) = c**2 - c + 16. What is the units digit of u(z)?
2
Let u = 1234 + -466. What is the units digit of u?
8
Let n = 0 + 5. Suppose -8*b = -n*b - 48. What is the tens digit of b?
1
Suppose -11*x + 20*x - 31761 = 0. What is the tens digit of x?
2
What is the hundreds digit of 1502/(-5)*(-15)/6?
7
Suppose 3*v = 2*n + 2785, 560 - 1488 = -v + n. What is the hundreds digit of v?
9
Suppose -3*j - 129*r + 8256 = -126*r, -r = -3*j + 8268. What is the tens digit of j?
5
Suppose 5*t + 15 = 150. Let w = -24 + t. W